41
List the prime factors of 797816.
2, 31, 3217
List the prime factors of 320275.
5, 23, 557
List the prime factors of 1833183.
3, 11, 18517
List the prime factors of 169258.
2, 84629
What are the prime factors of 879554?
2, 13, 33829
What are the prime factors of 2221149?
3, 7, 105769
What are the prime factors of 43259?
181, 239
List the prime factors of 12118892.
2, 17, 31, 5749
List the prime factors of 5523086.
2, 2761543
List the prime factors of 23354699.
3433, 6803
List the prime factors of 1453611.
3, 181, 2677
What are the prime factors of 2865939?
3, 955313
List the prime factors of 7499945.
5, 103, 14563
List the prime factors of 153457.
153457
List the prime factors of 15873409.
281, 56489
List the prime factors of 15721823.
13, 157, 7703
List the prime factors of 619156.
2, 154789
What are the prime factors of 483640?
2, 5, 107, 113
List the prime factors of 68988.
2, 3, 5749
List the prime factors of 472928.
2, 14779
List the prime factors of 352553.
29, 12157
What are the prime factors of 196843?
17, 11579
What are the prime factors of 608723?
107, 5689
What are the prime factors of 20080170?
2, 3, 5, 11, 6761
What are the prime factors of 292797?
3, 32533
What are the prime factors of 615805?
5, 79, 1559
List the prime factors of 921953.
103, 8951
List the prime factors of 280148.
2, 11, 6367
List the prime factors of 5665980.
2, 3, 5, 94433
What are the prime factors of 701553?
3, 233851
List the prime factors of 6643629.
3, 43, 17167
What are the prime factors of 467635?
5, 7, 31, 431
What are the prime factors of 212074?
2, 107, 991
What are the prime factors of 8590278?
2, 3, 1431713
List the prime factors of 1500654.
2, 3, 250109
What are the prime factors of 16818?
2, 3, 2803
What are the prime factors of 353091?
3, 37, 3181
List the prime factors of 14172603.
3, 4724201
List the prime factors of 641621.
449, 1429
What are the prime factors of 815543?
815543
What are the prime factors of 691090?
2, 5, 69109
What are the prime factors of 276544?
2, 29, 149
What are the prime factors of 228812?
2, 57203
List the prime factors of 387556.
2, 13, 29, 257
List the prime factors of 1238531.
7, 176933
What are the prime factors of 787555?
5, 31, 5081
What are the prime factors of 6112992?
2, 3, 37, 1721
List the prime factors of 237871.
127, 1873
List the prime factors of 2719932.
2, 3, 17, 67, 199
What are the prime factors of 2249661?
3, 17, 44111
What are the prime factors of 1393338?
2, 3, 181, 1283
What are the prime factors of 1874930?
2, 5, 17, 41, 269
What are the prime factors of 749452?
2, 11, 17033
List the prime factors of 125239.
17, 53, 139
List the prime factors of 354234.
2, 3, 43, 1373
List the prime factors of 1025524.
2, 23, 71, 157
What are the prime factors of 2268566?
2, 1134283
List the prime factors of 576663.
3, 211, 911
What are the prime factors of 3909564?
2, 3, 131, 829
List the prime factors of 5961920.
2, 5, 31, 601
List the prime factors of 18321139.
43, 426073
What are the prime factors of 742048?
2, 23189
List the prime factors of 22288.
2, 7, 199
List the prime factors of 602741.
41, 61, 241
List the prime factors of 14629750.
2, 5, 139, 421
List the prime factors of 1937268.
2, 3, 53813
What are the prime factors of 4388868?
2, 3, 11, 11083
List the prime factors of 7994696.
2, 233, 4289
What are the prime factors of 290230?
2, 5, 29023
List the prime factors of 11915.
5, 2383
What are the prime factors of 12835302?
2, 3, 31, 151, 457
What are the prime factors of 19719769?
181, 108949
What are the prime factors of 13065096?
2, 3, 11, 409
What are the prime factors of 1826530?
2, 5, 182653
What are the prime factors of 193172?
2, 7, 6899
List the prime factors of 755753.
41, 18433
What are the prime factors of 149718?
2, 3, 24953
What are the prime factors of 3577562?
2, 953, 1877
List the prime factors of 21076067.
2729, 7723
What are the prime factors of 27892232?
2, 3486529
What are the prime factors of 2220295?
5, 7, 11, 73, 79
List the prime factors of 993003.
3, 11, 30091
What are the prime factors of 29834354?
2, 11, 17, 241, 331
List the prime factors of 782759.
23, 34033
List the prime factors of 580028.
2, 145007
What are the prime factors of 11382608?
2, 23, 30931
List the prime factors of 37023.
3, 7, 41, 43
List the prime factors of 3435672.
2, 3, 37, 53, 73
List the prime factors of 640264.
2, 163, 491
List the prime factors of 9349396.
2, 7, 47701
What are the prime factors of 1723870?
2, 5, 19, 43, 211
List the prime factors of 11865234.
2, 3, 19, 29, 37, 97
List the prime factors of 79051.
7, 23, 491
What are the prime factors of 98825?
5, 59, 67
List the prime factors of 2061532.
2, 11, 46853
List the prime factors of 3791981.
3791981
List the prime factors of 169811.
47, 3613
List the prime factors of 582774.
2, 3, 23, 41, 103
What are the prime factors of 630207?
3, 17, 1373
What are the prime factors of 1542132?
2, 3, 109, 131
What are the prime factors of 66047?
66047
What are the prime factors of 156106?
2, 89, 877
What are the prime factors of 7169953?
7, 181, 5659
List the prime factors of 528192.
2, 3, 7, 131
List the prime factors of 17345.
5, 3469
List the prime factors of 12597970.
2, 5, 7, 11, 16361
What are the prime factors of 852823?
53, 16091
What are the prime factors of 16859230?
2, 5, 23, 3187
List the prime factors of 1008656.
2, 11, 521
List the prime factors of 1576290.
2, 3, 5, 52543
List the prime factors of 6976069.
17, 47, 8731
What are the prime factors of 7815654?
2, 3, 7, 11, 5639
List the prime factors of 350976.
2, 3, 457
List the prime factors of 754693.
43, 17551
What are the prime factors of 2008681?
491, 4091
List the prime factors of 5251281.
3, 7, 139, 257
List the prime factors of 1087638.
2, 3, 181273
What are the prime factors of 12079?
47, 257
List the prime factors of 1125624.
2, 3, 46901
What are the prime factors of 86570?
2, 5, 11, 787
What are the prime factors of 8298368?
2, 13, 4987
List the prime factors of 3748429.
1759, 2131
List the prime factors of 650325.
3, 5, 13, 23, 29
What are the prime factors of 275905?
5, 7, 7883
What are the prime factors of 93104?
2, 11, 23
What are the prime factors of 296310?
2, 3, 5, 7, 17, 83
What are the prime factors of 1112199?
3, 11, 33703
List the prime factors of 2633658.
2, 3, 109, 4027
List the prime factors of 4093061.
7, 584723
List the prime factors of 8490052.
2, 2122513
What are the prime factors of 2405057?
29, 239, 347
List the prime factors of 542163.
3, 127, 1423
List the prime factors of 6469773.
3, 971, 2221
List the prime factors of 407966.
2, 13, 17, 71
List the prime factors of 755720.
2, 5, 7, 2699
List the prime factors of 8986169.
23, 390703
List the prime factors of 9464908.
2, 2366227
List the prime factors of 189806.
2, 94903
List the prime factors of 1897470.
2, 3, 5, 29, 727
List the prime factors of 11151946.
2, 13, 349, 1229
List the prime factors of 271005.
3, 5, 7, 29, 89
What are the prime factors of 4226094?
2, 3, 19, 1373
What are the prime factors of 1377286?
2, 23, 79, 379
List the prime factors of 4061526.
2, 3, 7, 96703
List the prime factors of 1115926.
2, 7, 59, 193
List the prime factors of 249516.
2, 3, 29, 239
What are the prime factors of 297729?
3, 11027
What are the prime factors of 96552?
2, 3, 149
List the prime factors of 31471.
11, 2861
List the prime factors of 1053428.
2, 53, 4969
What are the prime factors of 902572?
2, 11, 73, 281
What are the prime factors of 252654?
2, 3, 17, 2477
List the prime factors of 343595.
5, 7, 9817
List the prime factors of 221224.
2, 27653
List the prime factors of 72893.
72893
What are the prime factors of 1666548?
2, 3, 13, 1187
List the prime factors of 3955868.
2, 7, 20183
What are the prime factors of 483918?
2, 3, 59, 1367
What are the prime factors of 1207536?
2, 3, 11, 2287
List the prime factors of 1548925.
5, 7, 53, 167
List the prime factors of 15375032.
2, 1921879
List the prime factors of 180346.
2, 90173
What are the prime factors of 77254?
2, 19, 107
What are the prime factors of 1346234?
2, 673117
List the prime factors of 7027719.
3, 23, 179, 569
What are the prime factors of 2684502?
2, 3, 73, 227
List the prime factors of 285743.
79, 3617
List the prime factors of 133527.
3, 47, 947
